{"id":22,"date":"2025-08-25T14:24:47","date_gmt":"2025-08-25T12:24:47","guid":{"rendered":"http:\/\/sps.k\u00fci.ee\/?page_id=22"},"modified":"2025-08-25T14:38:41","modified_gmt":"2025-08-25T12:38:41","slug":"maakoor","status":"publish","type":"page","link":"https:\/\/xn--srvemaa-90a.ee\/index.php\/sps\/maakoor\/","title":{"rendered":"Maakoor"},"content":{"rendered":"\n<p>Dirigent: <strong>Anu Lepik<\/strong><\/p>\n\n\n\n<p><strong>S\u00f5rve Maakoori on koorilaulutraditsiooni hoidja S\u00f5rvemaal!<\/strong><\/p>\n\n\n\n<p>Maakoor on oluline kogukonna siduja. Iga kuu v\u00f5tavad mitmed s\u00f5rulaste koori liikmed (sh dirigent) ette pika kojus\u00f5idu Tartust, Tallinnast v\u00f5i Keilast, et emale puude l\u00f5hkumise k\u00f5rval Ansek\u00fcla seltsimajas lauluproove teha. S\u00f5rulaste koor laulupeol on meie identiteedi tugevadaja ka mittelauljate jaoks.<\/p>\n\n\n\n<p><strong>S\u00f5rve Maakoor on segakoor, kus lauldakse koos terve perega.<\/strong><\/p>\n\n\n\n<p>Maakoori h\u00e4\u00e4lek\u00f5la ulatub vaikse perenaise leebest legaatost lapse pilvedeni p\u00fcrgiva trillerini, noore viiuldaja t\u00e4ppish\u00e4\u00e4lestusest talumehe otse s\u00fcdamest tuleva lauluh\u00f5iskeni.<\/p>\n\n\n\n<p><strong>Ihu ja hingega t\u00f6\u00f6d tehes on meie sihiks Muusika.<\/strong><\/p>\n\n\n\n<p>S\u00f5rve Maakoori tegemistest saad \u00fclevaate meie <a href=\"https:\/\/www.facebook.com\/s6rvemaakoor\/\">FB lehel<\/a> ja meie seltsi <a href=\"https:\/\/xn--srvemaa-90a.ee\/index.php\/?s=maakoor\">logiraamatust<\/a>!<\/p>\n\n\n\n<p class=\"has-text-align-center\"><span style=\"color: #993300; font-size: 14pt;\"><strong>Kui soovid Maakooriga liituda, kirjuta meile: <a style=\"color: #993300;\" href=\"mailto:maakoor@sorvemaa.ee\">maakoor@sorvemaa.ee<\/a>!<\/strong><\/span><\/p>\n\n\n\n<figure class=\"wp-block-gallery has-nested-images columns-2 wp-block-gallery-1 is-layout-flex wp-block-gallery-is-layout-flex\">\n<figure class=\"wp-block-image size-large\"><img fetchpriority=\"high\" decoding=\"async\" width=\"768\" height=\"1024\" data-id=\"8141\" src=\"https:\/\/xn--srvemaa-90a.ee\/wp-content\/uploads\/2025\/08\/20250704_211145-768x1024.jpg\" alt=\"\" class=\"wp-image-8141\" srcset=\"https:\/\/xn--srvemaa-90a.ee\/wp-content\/uploads\/2025\/08\/20250704_211145-768x1024.jpg 768w, https:\/\/xn--srvemaa-90a.ee\/wp-content\/uploads\/2025\/08\/20250704_211145-225x300.jpg 225w, https:\/\/xn--srvemaa-90a.ee\/wp-content\/uploads\/2025\/08\/20250704_211145-1152x1536.jpg 1152w, https:\/\/xn--srvemaa-90a.ee\/wp-content\/uploads\/2025\/08\/20250704_211145-1536x2048.jpg 1536w, https:\/\/xn--srvemaa-90a.ee\/wp-content\/uploads\/2025\/08\/20250704_211145-1080x1440.jpg 1080w, https:\/\/xn--srvemaa-90a.ee\/wp-content\/uploads\/2025\/08\/20250704_211145-400x533.jpg 400w, https:\/\/xn--srvemaa-90a.ee\/wp-content\/uploads\/2025\/08\/20250704_211145-scaled.jpg 1920w\" sizes=\"(max-width: 768px) 100vw, 768px\" \/><figcaption class=\"wp-element-caption\">S\u00f5rulased teel lauluv\u00e4ljakult \u00f6\u00f6majale. Laulupidu 2025. Pildistas Margus.<\/figcaption><\/figure>\n\n\n\n<figure class=\"wp-block-image size-large\"><img decoding=\"async\" width=\"768\" height=\"1024\" data-id=\"8140\" data-src=\"https:\/\/xn--srvemaa-90a.ee\/wp-content\/uploads\/2025\/08\/20250706_184859-768x1024.jpg\" alt=\"\" class=\"wp-image-8140 lazyload\" data-srcset=\"https:\/\/xn--srvemaa-90a.ee\/wp-content\/uploads\/2025\/08\/20250706_184859-768x1024.jpg 768w, https:\/\/xn--srvemaa-90a.ee\/wp-content\/uploads\/2025\/08\/20250706_184859-225x300.jpg 225w, https:\/\/xn--srvemaa-90a.ee\/wp-content\/uploads\/2025\/08\/20250706_184859-1152x1536.jpg 1152w, https:\/\/xn--srvemaa-90a.ee\/wp-content\/uploads\/2025\/08\/20250706_184859-1536x2048.jpg 1536w, https:\/\/xn--srvemaa-90a.ee\/wp-content\/uploads\/2025\/08\/20250706_184859-1080x1440.jpg 1080w, https:\/\/xn--srvemaa-90a.ee\/wp-content\/uploads\/2025\/08\/20250706_184859-400x533.jpg 400w, https:\/\/xn--srvemaa-90a.ee\/wp-content\/uploads\/2025\/08\/20250706_184859-scaled.jpg 1920w\" data-sizes=\"(max-width: 768px) 100vw, 768px\" src=\"data:image\/gif;base64,R0lGODlhAQABAAAAACH5BAEKAAEALAAAAAABAAEAAAICTAEAOw==\" style=\"--smush-placeholder-width: 768px; --smush-placeholder-aspect-ratio: 768\/1024;\" \/><figcaption class=\"wp-element-caption\">M\u00f5ned maakoorlased suurel laulupeol 2025 a suvel<\/figcaption><\/figure>\n\n\n\n<figure class=\"wp-block-image size-large\"><img decoding=\"async\" width=\"1024\" height=\"768\" data-id=\"8138\" data-src=\"https:\/\/xn--srvemaa-90a.ee\/wp-content\/uploads\/2025\/08\/42854646-e9a5-496b-b858-e1e1378b1b4a-5f4a5e78-c672-4e70-9acf-bed9caf934b22-1-1024x768.jpg\" alt=\"\" class=\"wp-image-8138 lazyload\" data-srcset=\"https:\/\/xn--srvemaa-90a.ee\/wp-content\/uploads\/2025\/08\/42854646-e9a5-496b-b858-e1e1378b1b4a-5f4a5e78-c672-4e70-9acf-bed9caf934b22-1-1024x768.jpg 1024w, https:\/\/xn--srvemaa-90a.ee\/wp-content\/uploads\/2025\/08\/42854646-e9a5-496b-b858-e1e1378b1b4a-5f4a5e78-c672-4e70-9acf-bed9caf934b22-1-300x225.jpg 300w, https:\/\/xn--srvemaa-90a.ee\/wp-content\/uploads\/2025\/08\/42854646-e9a5-496b-b858-e1e1378b1b4a-5f4a5e78-c672-4e70-9acf-bed9caf934b22-1-768x576.jpg 768w, https:\/\/xn--srvemaa-90a.ee\/wp-content\/uploads\/2025\/08\/42854646-e9a5-496b-b858-e1e1378b1b4a-5f4a5e78-c672-4e70-9acf-bed9caf934b22-1-1536x1152.jpg 1536w, https:\/\/xn--srvemaa-90a.ee\/wp-content\/uploads\/2025\/08\/42854646-e9a5-496b-b858-e1e1378b1b4a-5f4a5e78-c672-4e70-9acf-bed9caf934b22-1-2048x1536.jpg 2048w, https:\/\/xn--srvemaa-90a.ee\/wp-content\/uploads\/2025\/08\/42854646-e9a5-496b-b858-e1e1378b1b4a-5f4a5e78-c672-4e70-9acf-bed9caf934b22-1-1440x1080.jpg 1440w, https:\/\/xn--srvemaa-90a.ee\/wp-content\/uploads\/2025\/08\/42854646-e9a5-496b-b858-e1e1378b1b4a-5f4a5e78-c672-4e70-9acf-bed9caf934b22-1-400x300.jpg 400w\" data-sizes=\"(max-width: 1024px) 100vw, 1024px\" src=\"data:image\/gif;base64,R0lGODlhAQABAAAAACH5BAEKAAEALAAAAAABAAEAAAICTAEAOw==\" style=\"--smush-placeholder-width: 1024px; --smush-placeholder-aspect-ratio: 1024\/768;\" \/><figcaption class=\"wp-element-caption\">S\u00f5rve Maakoor Eesti Kultuurkapitali Rahvakultuuri sihtkapitali folkloori aastapreemiaga<\/figcaption><\/figure>\n<\/figure>\n\n\n\n<hr class=\"wp-block-separator has-alpha-channel-opacity\"\/>\n\n\n\n<p>Maakoori tegevust toetavad Saaremaa vald, Salme Rahvamaja, MT\u00dc S\u00f6rvemaa P\u00e4rimuse Selts ning paljud vabatahtlikud &#8211; att\u00e4h!<\/p>\n\n\n\n<hr class=\"wp-block-separator has-css-opacity\"\/>\n\n\n\n<p><strong><a href=\"https:\/\/xn--srvemaa-90a.ee\/index.php\/?s=maakoor\" title=\"\">Logipostitusi Maakoori tegemistest:<\/a><\/strong><\/p>\n\n\n\n<p><a href=\"https:\/\/xn--srvemaa-90a.ee\/index.php\/souke-sorvemaa\/sorve-maakoor-viis-isiomad-lipud-tartu-laulupeole\/\" target=\"_blank\" rel=\"noopener\" title=\"S\u00f6rve Maakoor viis isiomad lipud Tartu laulupeole\">S\u00f6rve Maakoor viis isiomad lipud Tartu laulupeole<\/a><\/p>\n\n\n\n<p><a href=\"https:\/\/xn--srvemaa-90a.ee\/index.php\/logiraamat\/maakoor-salvestas-korberi-muusikat\/\" target=\"_blank\" rel=\"noopener\" title=\"Maakoor salvestas K\u00f6rberi muusikat\">Maakoor salvestas K\u00f6rberi muusikat<\/a><\/p>\n\n\n\n<p><a href=\"https:\/\/xn--srvemaa-90a.ee\/index.php\/logiraamat\/sorulased-purgivad-taas-suurele-laulu-ja-rahvamuusikapeole\/\">S\u00f5rulased p\u00fcrgivad taas suurele laulu- ja rahvamuusikapeole<\/a><\/p>\n\n\n\n<hr class=\"wp-block-separator has-alpha-channel-opacity\"\/>\n\n\n\n<p>Maakooris loulvad umbest uuvitavad tegelased! <br>Siit saad kuulata ulga <strong>S\u00f6rulaste Raadiumi saateid<\/strong>, koes meite dirigendi, louljate ja vilistlastega juttu on aetud:<\/p>\n\n\n\n<p><br><a href=\"https:\/\/xn--srvemaa-90a.ee\/index.php\/souke-sorvemaa\/sorvekeelsed-uudised\/sorvekeelsed-uudised-pikk-saade\/2019-aasta-lopp\/\">Anu (dirigent) \u2013 2019. aasta l\u00f6pp<\/a><br><a href=\"https:\/\/xn--srvemaa-90a.ee\/index.php\/souke-sorvemaa\/sorvekeelsed-uudised\/sorvemaa-parimuse-seltsi-aastalopukone-2024\/\">P\u00e4\u00e4su (sopran) &#8211; S\u00f6rvemaa P\u00e4rimuse Seltsi aastal\u00f6puk\u00f6ne 2024<\/a><br><a href=\"https:\/\/xn--srvemaa-90a.ee\/index.php\/souke-sorvemaa\/sorvekeelsed-uudised\/kuunlapaevajutud-sorvemaalt\/\">Elve (alt) &#8211; K\u00fc\u00fcnlap\u00e4evajutud S\u00f6rvemaalt<\/a><br><a href=\"https:\/\/xn--srvemaa-90a.ee\/index.php\/souke-sorvemaa\/sorvekeelsed-uudised\/lohetalsutajad\/\">Kaur (tenor, vilistlane) ja Rita (sopran, vilistlane) \u2013 Lohetalsutajad<\/a><br><a href=\"https:\/\/xn--srvemaa-90a.ee\/index.php\/souke-sorvemaa\/sorvekeelsed-uudised\/ristipollu-uus-akadus\/\">Anni (sopran, vilistlane) \u2013 Ristip\u00f5llu uus akadus<\/a><br><a href=\"https:\/\/xn--srvemaa-90a.ee\/index.php\/tag\/varbaroom\/\">T\u00f5nis (tenor) \u2013 Varbar\u00f6\u00f6m<\/a><br><a href=\"https:\/\/xn--srvemaa-90a.ee\/index.php\/souke-sorvemaa\/sorvekeelsed-uudised\/seegakooride-paev-ja-maakoor\/\">Kogu koorirahvas \u2013 Segakooride p\u00e4ev ja Maakoor<\/a><br><a href=\"https:\/\/xn--srvemaa-90a.ee\/index.php\/souke-sorvemaa\/sorvekeelsed-uudised\/2020-aastat-koguvottev-vidjujutt\/\">T\u00f5nis (tenor) \u2013 2020. aastat koguv\u00f6ttev vidjujutt<\/a><br><a href=\"https:\/\/xn--srvemaa-90a.ee\/index.php\/souke-sorvemaa\/sorvekeelsed-uudised\/liisi-ja-marleen-sorvemaa-olevik-ning-tulevik\/\">Liisi (sopran) \u2013 Liisi ja Marleen, S\u00f6rvemaa olevik ning tulevik<\/a><br><a href=\"https:\/\/xn--srvemaa-90a.ee\/index.php\/souke-sorvemaa\/sorvekeelsed-uudised\/timmi-elle-ja-sadam-ulvi-votsid-aasta-kokku\/\">Ulvi (alt, vilistlane) \u2013 Timmi Helle ja Sadam Ulvi v\u00f5tsid aasta kokku<\/a><br><a href=\"https:\/\/xn--srvemaa-90a.ee\/index.php\/souke-sorvemaa\/sorvekeelsed-uudised\/mardid-sorve-villaveski\/\">Merike (sopran) \u2013 Mardid, S\u00f6rve villaveski<\/a><br><a href=\"https:\/\/xn--srvemaa-90a.ee\/index.php\/souke-sorvemaa\/sorvekeelsed-uudised\/carl-bulla-aasta-klassiopetaja-merle-lepik\/\">Merle (alt) \u2013 Carl Bulla m\u00e4lestusm\u00e4rk, aasta klassi\u00f5petaja Merle Lepik<\/a><\/p>\n\n\n\n<p><br><a href=\"https:\/\/xn--srvemaa-90a.ee\/index.php\/sps\/raadio\/\">S\u00f6rulaste Raadiumi saateid tegad Mari (alt), Ainika (sopran) ning Margus (tenor).<\/a><\/p>\n\n\n\n<p><\/p>\n","protected":false},"excerpt":{"rendered":"<p>S\u00f5rve Maakoori on koorilaulutraditsiooni hoidja S\u00f5rvemaal!<\/p>\n","protected":false},"author":1,"featured_media":1618,"parent":30,"menu_order":0,"comment_status":"closed","ping_status":"closed","template":"","meta":{"_acf_changed":false,"footnotes":""},"class_list":["post-22","page","type-page","status-publish","has-post-thumbnail","hentry"],"acf":[],"aioseo_notices":[],"_links":{"self":[{"href":"https:\/\/xn--srvemaa-90a.ee\/index.php\/wp-json\/wp\/v2\/pages\/22","targetHints":{"allow":["GET"]}}],"collection":[{"href":"https:\/\/xn--srvemaa-90a.ee\/index.php\/wp-json\/wp\/v2\/pages"}],"about":[{"href":"https:\/\/xn--srvemaa-90a.ee\/index.php\/wp-json\/wp\/v2\/types\/page"}],"author":[{"embeddable":true,"href":"https:\/\/xn--srvemaa-90a.ee\/index.php\/wp-json\/wp\/v2\/users\/1"}],"replies":[{"embeddable":true,"href":"https:\/\/xn--srvemaa-90a.ee\/index.php\/wp-json\/wp\/v2\/comments?post=22"}],"version-history":[{"count":22,"href":"https:\/\/xn--srvemaa-90a.ee\/index.php\/wp-json\/wp\/v2\/pages\/22\/revisions"}],"predecessor-version":[{"id":8149,"href":"https:\/\/xn--srvemaa-90a.ee\/index.php\/wp-json\/wp\/v2\/pages\/22\/revisions\/8149"}],"up":[{"embeddable":true,"href":"https:\/\/xn--srvemaa-90a.ee\/index.php\/wp-json\/wp\/v2\/pages\/30"}],"wp:featuredmedia":[{"embeddable":true,"href":"https:\/\/xn--srvemaa-90a.ee\/index.php\/wp-json\/wp\/v2\/media\/1618"}],"wp:attachment":[{"href":"https:\/\/xn--srvemaa-90a.ee\/index.php\/wp-json\/wp\/v2\/media?parent=22"}],"curies":[{"name":"wp","href":"https:\/\/api.w.org\/{rel}","templated":true}]}}

http://sps.küi.ee/?page_id=22

<p>Dirigent: <strong>Anu Lepik</strong></p>



<p><strong>Sõrve Maakoori on koorilaulutraditsiooni hoidja Sõrvemaal!</strong></p>



<p>Maakoor on oluline kogukonna siduja. Iga kuu võtavad mitmed sõrulaste koori liikmed (sh dirigent) ette pika kojusõidu Tartust, Tallinnast või Keilast, et emale puude lõhkumise kõrval Anseküla seltsimajas lauluproove teha. Sõrulaste koor laulupeol on meie identiteedi tugevadaja ka mittelauljate jaoks.</p>



<p><strong>Sõrve Maakoor on segakoor, kus lauldakse koos terve perega.</strong></p>



<p>Maakoori häälekõla ulatub vaikse perenaise leebest legaatost lapse pilvedeni pürgiva trillerini, noore viiuldaja täppishäälestusest talumehe otse südamest tuleva lauluhõiskeni.</p>



<p><strong>Ihu ja hingega tööd tehes on meie sihiks Muusika.</strong></p>



<p>Sõrve Maakoori tegemistest saad ülevaate meie <a href="https://www.facebook.com/s6rvemaakoor/">FB lehel</a> ja meie seltsi <a href="https://xn--srvemaa-90a.ee/index.php/?s=maakoor">logiraamatust</a>!</p>



<p class="has-text-align-center"><span style="color: #993300; font-size: 14pt;"><strong>Kui soovid Maakooriga liituda, kirjuta meile: <a style="color: #993300;" href="mailto:maakoor@sorvemaa.ee">maakoor@sorvemaa.ee</a>!</strong></span></p>



<figure class="wp-block-gallery has-nested-images columns-2 wp-block-gallery-1 is-layout-flex wp-block-gallery-is-layout-flex">
<figure class="wp-block-image size-large"><img fetchpriority="high" decoding="async" width="768" height="1024" data-id="8141" src="https://xn--srvemaa-90a.ee/wp-content/uploads/2025/08/20250704_211145-768x1024.jpg" alt="" class="wp-image-8141" srcset="https://xn--srvemaa-90a.ee/wp-content/uploads/2025/08/20250704_211145-768x1024.jpg 768w, https://xn--srvemaa-90a.ee/wp-content/uploads/2025/08/20250704_211145-225x300.jpg 225w, https://xn--srvemaa-90a.ee/wp-content/uploads/2025/08/20250704_211145-1152x1536.jpg 1152w, https://xn--srvemaa-90a.ee/wp-content/uploads/2025/08/20250704_211145-1536x2048.jpg 1536w, https://xn--srvemaa-90a.ee/wp-content/uploads/2025/08/20250704_211145-1080x1440.jpg 1080w, https://xn--srvemaa-90a.ee/wp-content/uploads/2025/08/20250704_211145-400x533.jpg 400w, https://xn--srvemaa-90a.ee/wp-content/uploads/2025/08/20250704_211145-scaled.jpg 1920w" sizes="(max-width: 768px) 100vw, 768px" /><figcaption class="wp-element-caption">Sõrulased teel lauluväljakult öömajale. Laulupidu 2025. Pildistas Margus.</figcaption></figure>



<figure class="wp-block-image size-large"><img decoding="async" width="768" height="1024" data-id="8140" data-src="https://xn--srvemaa-90a.ee/wp-content/uploads/2025/08/20250706_184859-768x1024.jpg" alt="" class="wp-image-8140 lazyload" data-srcset="https://xn--srvemaa-90a.ee/wp-content/uploads/2025/08/20250706_184859-768x1024.jpg 768w, https://xn--srvemaa-90a.ee/wp-content/uploads/2025/08/20250706_184859-225x300.jpg 225w, https://xn--srvemaa-90a.ee/wp-content/uploads/2025/08/20250706_184859-1152x1536.jpg 1152w, https://xn--srvemaa-90a.ee/wp-content/uploads/2025/08/20250706_184859-1536x2048.jpg 1536w, https://xn--srvemaa-90a.ee/wp-content/uploads/2025/08/20250706_184859-1080x1440.jpg 1080w, https://xn--srvemaa-90a.ee/wp-content/uploads/2025/08/20250706_184859-400x533.jpg 400w, https://xn--srvemaa-90a.ee/wp-content/uploads/2025/08/20250706_184859-scaled.jpg 1920w" data-sizes="(max-width: 768px) 100vw, 768px" src="data:image/gif;base64,R0lGODlhAQABAAAAACH5BAEKAAEALAAAAAABAAEAAAICTAEAOw==" style="--smush-placeholder-width: 768px; --smush-placeholder-aspect-ratio: 768/1024;" /><figcaption class="wp-element-caption">Mõned maakoorlased suurel laulupeol 2025 a suvel</figcaption></figure>



<figure class="wp-block-image size-large"><img decoding="async" width="1024" height="768" data-id="8138" data-src="https://xn--srvemaa-90a.ee/wp-content/uploads/2025/08/42854646-e9a5-496b-b858-e1e1378b1b4a-5f4a5e78-c672-4e70-9acf-bed9caf934b22-1-1024x768.jpg" alt="" class="wp-image-8138 lazyload" data-srcset="https://xn--srvemaa-90a.ee/wp-content/uploads/2025/08/42854646-e9a5-496b-b858-e1e1378b1b4a-5f4a5e78-c672-4e70-9acf-bed9caf934b22-1-1024x768.jpg 1024w, https://xn--srvemaa-90a.ee/wp-content/uploads/2025/08/42854646-e9a5-496b-b858-e1e1378b1b4a-5f4a5e78-c672-4e70-9acf-bed9caf934b22-1-300x225.jpg 300w, https://xn--srvemaa-90a.ee/wp-content/uploads/2025/08/42854646-e9a5-496b-b858-e1e1378b1b4a-5f4a5e78-c672-4e70-9acf-bed9caf934b22-1-768x576.jpg 768w, https://xn--srvemaa-90a.ee/wp-content/uploads/2025/08/42854646-e9a5-496b-b858-e1e1378b1b4a-5f4a5e78-c672-4e70-9acf-bed9caf934b22-1-1536x1152.jpg 1536w, https://xn--srvemaa-90a.ee/wp-content/uploads/2025/08/42854646-e9a5-496b-b858-e1e1378b1b4a-5f4a5e78-c672-4e70-9acf-bed9caf934b22-1-2048x1536.jpg 2048w, https://xn--srvemaa-90a.ee/wp-content/uploads/2025/08/42854646-e9a5-496b-b858-e1e1378b1b4a-5f4a5e78-c672-4e70-9acf-bed9caf934b22-1-1440x1080.jpg 1440w, https://xn--srvemaa-90a.ee/wp-content/uploads/2025/08/42854646-e9a5-496b-b858-e1e1378b1b4a-5f4a5e78-c672-4e70-9acf-bed9caf934b22-1-400x300.jpg 400w" data-sizes="(max-width: 1024px) 100vw, 1024px" src="data:image/gif;base64,R0lGODlhAQABAAAAACH5BAEKAAEALAAAAAABAAEAAAICTAEAOw==" style="--smush-placeholder-width: 1024px; --smush-placeholder-aspect-ratio: 1024/768;" /><figcaption class="wp-element-caption">Sõrve Maakoor Eesti Kultuurkapitali Rahvakultuuri sihtkapitali folkloori aastapreemiaga</figcaption></figure>
</figure>



<hr class="wp-block-separator has-alpha-channel-opacity"/>



<p>Maakoori tegevust toetavad Saaremaa vald, Salme Rahvamaja, MTÜ Sörvemaa Pärimuse Selts ning paljud vabatahtlikud &#8211; attäh!</p>



<hr class="wp-block-separator has-css-opacity"/>



<p><strong><a href="https://xn--srvemaa-90a.ee/index.php/?s=maakoor" title="">Logipostitusi Maakoori tegemistest:</a></strong></p>



<p><a href="https://xn--srvemaa-90a.ee/index.php/souke-sorvemaa/sorve-maakoor-viis-isiomad-lipud-tartu-laulupeole/" target="_blank" rel="noopener" title="Sörve Maakoor viis isiomad lipud Tartu laulupeole">Sörve Maakoor viis isiomad lipud Tartu laulupeole</a></p>



<p><a href="https://xn--srvemaa-90a.ee/index.php/logiraamat/maakoor-salvestas-korberi-muusikat/" target="_blank" rel="noopener" title="Maakoor salvestas Körberi muusikat">Maakoor salvestas Körberi muusikat</a></p>



<p><a href="https://xn--srvemaa-90a.ee/index.php/logiraamat/sorulased-purgivad-taas-suurele-laulu-ja-rahvamuusikapeole/">Sõrulased pürgivad taas suurele laulu- ja rahvamuusikapeole</a></p>



<hr class="wp-block-separator has-alpha-channel-opacity"/>



<p>Maakooris loulvad umbest uuvitavad tegelased! <br>Siit saad kuulata ulga <strong>Sörulaste Raadiumi saateid</strong>, koes meite dirigendi, louljate ja vilistlastega juttu on aetud:</p>



<p><br><a href="https://xn--srvemaa-90a.ee/index.php/souke-sorvemaa/sorvekeelsed-uudised/sorvekeelsed-uudised-pikk-saade/2019-aasta-lopp/">Anu (dirigent) – 2019. aasta löpp</a><br><a href="https://xn--srvemaa-90a.ee/index.php/souke-sorvemaa/sorvekeelsed-uudised/sorvemaa-parimuse-seltsi-aastalopukone-2024/">Pääsu (sopran) &#8211; Sörvemaa Pärimuse Seltsi aastalöpuköne 2024</a><br><a href="https://xn--srvemaa-90a.ee/index.php/souke-sorvemaa/sorvekeelsed-uudised/kuunlapaevajutud-sorvemaalt/">Elve (alt) &#8211; Küünlapäevajutud Sörvemaalt</a><br><a href="https://xn--srvemaa-90a.ee/index.php/souke-sorvemaa/sorvekeelsed-uudised/lohetalsutajad/">Kaur (tenor, vilistlane) ja Rita (sopran, vilistlane) – Lohetalsutajad</a><br><a href="https://xn--srvemaa-90a.ee/index.php/souke-sorvemaa/sorvekeelsed-uudised/ristipollu-uus-akadus/">Anni (sopran, vilistlane) – Ristipõllu uus akadus</a><br><a href="https://xn--srvemaa-90a.ee/index.php/tag/varbaroom/">Tõnis (tenor) – Varbarööm</a><br><a href="https://xn--srvemaa-90a.ee/index.php/souke-sorvemaa/sorvekeelsed-uudised/seegakooride-paev-ja-maakoor/">Kogu koorirahvas – Segakooride päev ja Maakoor</a><br><a href="https://xn--srvemaa-90a.ee/index.php/souke-sorvemaa/sorvekeelsed-uudised/2020-aastat-koguvottev-vidjujutt/">Tõnis (tenor) – 2020. aastat koguvöttev vidjujutt</a><br><a href="https://xn--srvemaa-90a.ee/index.php/souke-sorvemaa/sorvekeelsed-uudised/liisi-ja-marleen-sorvemaa-olevik-ning-tulevik/">Liisi (sopran) – Liisi ja Marleen, Sörvemaa olevik ning tulevik</a><br><a href="https://xn--srvemaa-90a.ee/index.php/souke-sorvemaa/sorvekeelsed-uudised/timmi-elle-ja-sadam-ulvi-votsid-aasta-kokku/">Ulvi (alt, vilistlane) – Timmi Helle ja Sadam Ulvi võtsid aasta kokku</a><br><a href="https://xn--srvemaa-90a.ee/index.php/souke-sorvemaa/sorvekeelsed-uudised/mardid-sorve-villaveski/">Merike (sopran) – Mardid, Sörve villaveski</a><br><a href="https://xn--srvemaa-90a.ee/index.php/souke-sorvemaa/sorvekeelsed-uudised/carl-bulla-aasta-klassiopetaja-merle-lepik/">Merle (alt) – Carl Bulla mälestusmärk, aasta klassiõpetaja Merle Lepik</a></p>



<p><br><a href="https://xn--srvemaa-90a.ee/index.php/sps/raadio/">Sörulaste Raadiumi saateid tegad Mari (alt), Ainika (sopran) ning Margus (tenor).</a></p>



<p></p>

<p>Sõrve Maakoori on koorilaulutraditsiooni hoidja Sõrvemaal!</p>
