{"id":20,"date":"2022-10-14T08:37:00","date_gmt":"2022-10-14T06:37:00","guid":{"rendered":"http:\/\/sps.k\u00fci.ee\/?page_id=20"},"modified":"2025-12-20T22:38:28","modified_gmt":"2025-12-20T20:38:28","slug":"ammuker","status":"publish","type":"page","link":"https:\/\/xn--srvemaa-90a.ee\/index.php\/sps\/ammuker\/","title":{"rendered":"Ammuker"},"content":{"rendered":"\n<p>S\u00f5rve ja Saaremaa naised. T\u00fcdrukud-neiud ning rida <em>varems\u00fcndind <\/em>emasid-vanaemasid. Emakeeleks s\u00f5rve keel, kel pole, see \u00f5pib. Meie kirg on regilaulud ja k\u00f5ik, mis sinna k\u00fclge kuulub: jutud ning naistet\u00f6\u00f6d, rahvariided ja p\u00f5llutarkused, <em>lapsepidamiskunts <\/em>ning peenem n\u00e4put\u00f6\u00f6. <em>Muistised <\/em>laulud ning arusaaja seltskond &#8211; naisterahva tugi, kui lained \u00fcle pea tikuvad. Varbad mullas, r\u00e4tik meretuules. <em>S\u00fcndind <\/em>ning <em>iseakand <\/em>regilauljad.<br><\/p>\n\n\n\n<figure class=\"wp-block-image size-large\"><img fetchpriority=\"high\" decoding=\"async\" width=\"1024\" height=\"683\" src=\"https:\/\/xn--srvemaa-90a.ee\/wp-content\/uploads\/2025\/12\/EK_20240501_0037-1024x683.jpg\" alt=\"\" class=\"wp-image-8328\" srcset=\"https:\/\/xn--srvemaa-90a.ee\/wp-content\/uploads\/2025\/12\/EK_20240501_0037-1024x683.jpg 1024w, https:\/\/xn--srvemaa-90a.ee\/wp-content\/uploads\/2025\/12\/EK_20240501_0037-300x200.jpg 300w, https:\/\/xn--srvemaa-90a.ee\/wp-content\/uploads\/2025\/12\/EK_20240501_0037-768x512.jpg 768w, https:\/\/xn--srvemaa-90a.ee\/wp-content\/uploads\/2025\/12\/EK_20240501_0037-400x267.jpg 400w, https:\/\/xn--srvemaa-90a.ee\/wp-content\/uploads\/2025\/12\/EK_20240501_0037.jpg 1250w\" sizes=\"(max-width: 1024px) 100vw, 1024px\" \/><figcaption class=\"wp-element-caption\">Pilt Ammukeri albumi &#8220;Siiruviiruline&#8221; esitluskontserdilt Tallinnas 2024. a maikuus. Pildistas Elina Kostabi.<\/figcaption><\/figure>\n\n\n\n<hr class=\"wp-block-separator has-alpha-channel-opacity\"\/>\n\n\n\n<p><strong>S\u00f5rve naiste regilaulur\u00fchm Ammuker<\/strong> toob kokku regilaulude ja S\u00f5rve p\u00e4rimuskultuuri huvilisi \u00fcle Saaremaa. Laulame, arutleme regilaulude sisu ja m\u00f5tte, vormi ning m\u00f5ju \u00fcle. \u00d5pime koos tundma S\u00f5rve <a href=\"https:\/\/xn--srvemaa-90a.ee\/index.php\/souke-sorvemaa\/sorve-keel\/sugistalviste-kulaliste-aeg\/\" target=\"_blank\" rel=\"noreferrer noopener\">p\u00f5liskultuuri<\/a>, teeme p\u00e4rimuslikku <a href=\"https:\/\/xn--srvemaa-90a.ee\/index.php\/souke-sorvemaa\/sorulaste-patitegu\/\">k\u00e4sit\u00f6\u00f6d<\/a>, kanname <a href=\"https:\/\/xn--srvemaa-90a.ee\/index.php\/logiraamat\/sorve-riide-vilmipae-ansekulas\/\">rahvariideid<\/a> jpm. Ammukeri liikmed osalevad aktiivselt seltsi <a href=\"https:\/\/s\u00f6rvemaa.ee\/sps\/seltsi-ettevotmised\/\" target=\"_blank\" rel=\"noreferrer noopener\">ettev\u00f5tmistes<\/a> (<a href=\"https:\/\/xn--srvemaa-90a.ee\/souke-sorvemaa\/sorulaste-patitegu\/\" target=\"_blank\" rel=\"noreferrer noopener\">\u00f5pitoad<\/a>, teistes <a href=\"https:\/\/xn--srvemaa-90a.ee\/sps\/sorvemaa-sormitsejad\/\" target=\"_blank\" rel=\"noreferrer noopener\">kollektiivides<\/a>, talgutel, v\u00e4jam\u00fc\u00fcikidel, retked jne).&nbsp;<\/p>\n\n\n\n<p>Korraldame <a href=\"http:\/\/xn--srvemaa-90a.ee\/index.php\/souke-sorvemaa\/ketramistund\/\" target=\"_blank\" rel=\"noreferrer noopener\">\u00f5pitube<\/a>, regilaulu\u00f5htuid, <a href=\"https:\/\/xn--srvemaa-90a.ee\/index.php\/uncategorized\/teavitused\/kuulutus-kuulutus-puhadevahekontsert-ning-piduohta\/\">kontserte<\/a>, v\u00f5tame osa <a href=\"https:\/\/xn--srvemaa-90a.ee\/index.php\/logiraamat\/sorulased-kaisid-tallinnas-baltical\/\">festivalidest<\/a> jm <a href=\"https:\/\/xn--srvemaa-90a.ee\/index.php\/logiraamat\/noorte-parimuspaev-mihkli-muuseumis\/\">rahvamuusikas\u00fcndmustest<\/a> Saaremaal ning kaugemal (H\u00f5imup\u00e4evad, <a href=\"https:\/\/xn--srvemaa-90a.ee\/index.php\/logiraamat\/ammuker-kais-latis-folkloorifestivalil-baltica\/\">Baltica<\/a>, <a href=\"https:\/\/xn--srvemaa-90a.ee\/index.php\/logiraamat\/viljandi-folk-2024\/\">Viljandi P\u00e4rimusmuusika Festival<\/a> jt).<\/p>\n\n\n\n<p>Juhendaja Tammeougu Mari, mari@sorvemaa.ee<\/p>\n\n\n\n<p class=\"has-text-align-center\"><strong>Ammukeri tegemisi saad j\u00e4lgida logiraamatus <a href=\"https:\/\/xn--srvemaa-90a.ee\/category\/logiraamat\/\">s\u00f6rvemaa.ee<\/a> ning&nbsp; <a href=\"https:\/\/www.facebook.com\/sorvemaaparimuseselts\">sotsiaalmeedias<\/a><\/strong><\/p>\n\n\n\n<div class=\"wp-block-media-text is-stacked-on-mobile\" style=\"grid-template-columns:68% auto\"><figure class=\"wp-block-media-text__media\"><video controls src=\"http:\/\/xn--srvemaa-90a.ee\/wp-content\/uploads\/2025\/12\/siiruviiruline-reklaamklipp.mp4\"><\/video><\/figure><div class=\"wp-block-media-text__content\">\n<p><strong>Ammukeri esimene album &#8220;<a href=\"https:\/\/xn--srvemaa-90a.ee\/elementor-6574\/siiruviiruline-2\/\">Siiruviiruline<\/a>&#8221; on saadaval<\/strong> &#8211; <strong>kirjuta info@sorvemaa.ee ja paneme sulle paki teele!<\/strong><\/p>\n\n\n\n<p><\/p>\n<\/div><\/div>\n\n\n<\/p>\n<p style=\"text-align: center;\"><span style=\"color: #993300;\"><strong>Ammuker k\u00e4ib koos esmasp\u00e4eviti kell 17.45-19.30 Salme Rahvamajas<\/strong><\/span><strong><span style=\"color: #993300;\">.<\/span> <\/strong><\/p>\n<div style=\"text-align: center;\"><span style=\"color: #993300;\"><strong>Ammukeri on oodatud igas vanuses S\u00f5rve ja Saaremaa omakultuurist huvitatud naisterahvad!<\/strong><\/span><\/div>\n<div>\u00a0<\/div>\n<div>\n<div>\u00a0<\/div>\n<\/div>\n<div>\u00a0<\/div>\n<div>\u00a0<\/div>\n<div>\u00a0<\/div>\n<p><iframe title=\"Ammuker - Peret\u00fcdar neitsikene\" width=\"645\" height=\"363\" data-src=\"https:\/\/www.youtube.com\/embed\/b9C0E3BpP74?feature=oembed\" frameborder=\"0\" allow=\"accelerometer; autoplay; clipboard-write; encrypted-media; gyroscope; picture-in-picture; web-share\" referrerpolicy=\"strict-origin-when-cross-origin\" allowfullscreen src=\"data:image\/gif;base64,R0lGODlhAQABAAAAACH5BAEKAAEALAAAAAABAAEAAAICTAEAOw==\" class=\"lazyload\" data-load-mode=\"1\"><\/iframe><\/p>\n<div>\u00a0<\/div>\n\n\n<figure class=\"wp-block-image size-large\"><img decoding=\"async\" width=\"1024\" height=\"684\" data-src=\"http:\/\/xn--srvemaa-90a.ee\/wp-content\/uploads\/2022\/07\/20220706-Ammuker-Baltical-1024x684.jpg\" alt=\"\" class=\"wp-image-4944 lazyload\" data-srcset=\"https:\/\/xn--srvemaa-90a.ee\/wp-content\/uploads\/2022\/07\/20220706-Ammuker-Baltical-1024x684.jpg 1024w, https:\/\/xn--srvemaa-90a.ee\/wp-content\/uploads\/2022\/07\/20220706-Ammuker-Baltical-300x200.jpg 300w, https:\/\/xn--srvemaa-90a.ee\/wp-content\/uploads\/2022\/07\/20220706-Ammuker-Baltical-768x513.jpg 768w, https:\/\/xn--srvemaa-90a.ee\/wp-content\/uploads\/2022\/07\/20220706-Ammuker-Baltical-1536x1026.jpg 1536w, https:\/\/xn--srvemaa-90a.ee\/wp-content\/uploads\/2022\/07\/20220706-Ammuker-Baltical-1440x962.jpg 1440w, https:\/\/xn--srvemaa-90a.ee\/wp-content\/uploads\/2022\/07\/20220706-Ammuker-Baltical-400x267.jpg 400w, https:\/\/xn--srvemaa-90a.ee\/wp-content\/uploads\/2022\/07\/20220706-Ammuker-Baltical.jpg 1600w\" data-sizes=\"(max-width: 1024px) 100vw, 1024px\" src=\"data:image\/gif;base64,R0lGODlhAQABAAAAACH5BAEKAAEALAAAAAABAAEAAAICTAEAOw==\" style=\"--smush-placeholder-width: 1024px; --smush-placeholder-aspect-ratio: 1024\/684;\" \/><figcaption class=\"wp-element-caption\">Ammuker k\u00e4is koos s\u00f5pradega L\u00e4tis Baltical, 2022<\/figcaption><\/figure>\n\n\n\n<figure class=\"wp-block-image size-large\"><img decoding=\"async\" width=\"1024\" height=\"768\" data-src=\"http:\/\/xn--srvemaa-90a.ee\/wp-content\/uploads\/2022\/08\/20220731-Ammuker-Vabaduse-platsi-laval-VF-1024x768.jpg\" alt=\"\" class=\"wp-image-4965 lazyload\" data-srcset=\"https:\/\/xn--srvemaa-90a.ee\/wp-content\/uploads\/2022\/08\/20220731-Ammuker-Vabaduse-platsi-laval-VF-1024x768.jpg 1024w, https:\/\/xn--srvemaa-90a.ee\/wp-content\/uploads\/2022\/08\/20220731-Ammuker-Vabaduse-platsi-laval-VF-300x225.jpg 300w, https:\/\/xn--srvemaa-90a.ee\/wp-content\/uploads\/2022\/08\/20220731-Ammuker-Vabaduse-platsi-laval-VF-768x576.jpg 768w, https:\/\/xn--srvemaa-90a.ee\/wp-content\/uploads\/2022\/08\/20220731-Ammuker-Vabaduse-platsi-laval-VF-1536x1152.jpg 1536w, https:\/\/xn--srvemaa-90a.ee\/wp-content\/uploads\/2022\/08\/20220731-Ammuker-Vabaduse-platsi-laval-VF-1440x1080.jpg 1440w, https:\/\/xn--srvemaa-90a.ee\/wp-content\/uploads\/2022\/08\/20220731-Ammuker-Vabaduse-platsi-laval-VF-400x300.jpg 400w, https:\/\/xn--srvemaa-90a.ee\/wp-content\/uploads\/2022\/08\/20220731-Ammuker-Vabaduse-platsi-laval-VF.jpg 1600w\" data-sizes=\"(max-width: 1024px) 100vw, 1024px\" src=\"data:image\/gif;base64,R0lGODlhAQABAAAAACH5BAEKAAEALAAAAAABAAEAAAICTAEAOw==\" style=\"--smush-placeholder-width: 1024px; --smush-placeholder-aspect-ratio: 1024\/768;\" \/><figcaption class=\"wp-element-caption\">Kontsert Viljandi Folgil, 2022<\/figcaption><\/figure>\n\n\n\n<figure class=\"wp-block-image size-large\"><img decoding=\"async\" width=\"1024\" height=\"1024\" data-src=\"http:\/\/xn--srvemaa-90a.ee\/wp-content\/uploads\/2024\/09\/Artist_1080x1080px_Ammuker-1024x1024.png\" alt=\"\" class=\"wp-image-7594 lazyload\" data-srcset=\"https:\/\/xn--srvemaa-90a.ee\/wp-content\/uploads\/2024\/09\/Artist_1080x1080px_Ammuker-1024x1024.png 1024w, https:\/\/xn--srvemaa-90a.ee\/wp-content\/uploads\/2024\/09\/Artist_1080x1080px_Ammuker-300x300.png 300w, https:\/\/xn--srvemaa-90a.ee\/wp-content\/uploads\/2024\/09\/Artist_1080x1080px_Ammuker-150x150.png 150w, https:\/\/xn--srvemaa-90a.ee\/wp-content\/uploads\/2024\/09\/Artist_1080x1080px_Ammuker-768x768.png 768w, https:\/\/xn--srvemaa-90a.ee\/wp-content\/uploads\/2024\/09\/Artist_1080x1080px_Ammuker-200x200.png 200w, https:\/\/xn--srvemaa-90a.ee\/wp-content\/uploads\/2024\/09\/Artist_1080x1080px_Ammuker-400x400.png 400w, https:\/\/xn--srvemaa-90a.ee\/wp-content\/uploads\/2024\/09\/Artist_1080x1080px_Ammuker.png 1080w\" data-sizes=\"(max-width: 1024px) 100vw, 1024px\" src=\"data:image\/gif;base64,R0lGODlhAQABAAAAACH5BAEKAAEALAAAAAABAAEAAAICTAEAOw==\" style=\"--smush-placeholder-width: 1024px; --smush-placeholder-aspect-ratio: 1024\/1024;\" \/><figcaption class=\"wp-element-caption\">2024. aasta Viljandi Folgi Ammukeri ja s\u00f5prade Kaevum\u00e4e kontserdi kuulutus.<\/figcaption><\/figure>\n","protected":false},"excerpt":{"rendered":"<p>S\u00f5rve naiste regilaulur\u00fchm Ammuker k\u00e4ib koos esmasp\u00e4eviti kell 18-20 Ansek\u00fcla Seltsimajas. Kui soovid koos s\u00f5rulastega meie isioma kultuuriga tegeleda, astu julgesti l\u00e4bi! <\/p>\n","protected":false},"author":3,"featured_media":3200,"parent":30,"menu_order":0,"comment_status":"closed","ping_status":"closed","template":"","meta":{"_acf_changed":false,"footnotes":""},"class_list":["post-20","page","type-page","status-publish","has-post-thumbnail","hentry"],"acf":[],"aioseo_notices":[],"_links":{"self":[{"href":"https:\/\/xn--srvemaa-90a.ee\/index.php\/wp-json\/wp\/v2\/pages\/20","targetHints":{"allow":["GET"]}}],"collection":[{"href":"https:\/\/xn--srvemaa-90a.ee\/index.php\/wp-json\/wp\/v2\/pages"}],"about":[{"href":"https:\/\/xn--srvemaa-90a.ee\/index.php\/wp-json\/wp\/v2\/types\/page"}],"author":[{"embeddable":true,"href":"https:\/\/xn--srvemaa-90a.ee\/index.php\/wp-json\/wp\/v2\/users\/3"}],"replies":[{"embeddable":true,"href":"https:\/\/xn--srvemaa-90a.ee\/index.php\/wp-json\/wp\/v2\/comments?post=20"}],"version-history":[{"count":42,"href":"https:\/\/xn--srvemaa-90a.ee\/index.php\/wp-json\/wp\/v2\/pages\/20\/revisions"}],"predecessor-version":[{"id":8340,"href":"https:\/\/xn--srvemaa-90a.ee\/index.php\/wp-json\/wp\/v2\/pages\/20\/revisions\/8340"}],"up":[{"embeddable":true,"href":"https:\/\/xn--srvemaa-90a.ee\/index.php\/wp-json\/wp\/v2\/pages\/30"}],"wp:featuredmedia":[{"embeddable":true,"href":"https:\/\/xn--srvemaa-90a.ee\/index.php\/wp-json\/wp\/v2\/media\/3200"}],"wp:attachment":[{"href":"https:\/\/xn--srvemaa-90a.ee\/index.php\/wp-json\/wp\/v2\/media?parent=20"}],"curies":[{"name":"wp","href":"https:\/\/api.w.org\/{rel}","templated":true}]}}